[INFO] cloning repository https://github.com/sondrele/rust-raytracer
[INFO] running `Command { std: "git" "-c" "credential.helper=" "-c" "credential.helper=/workspace/cargo-home/bin/git-credential-null" "clone" "--bare" "https://github.com/sondrele/rust-raytracer" "/workspace/cache/git-repos/https%3A%2F%2Fgithub.com%2Fsondrele%2Frust-raytracer", kill_on_drop: false }`
[INFO] [stderr] Cloning into bare repository '/workspace/cache/git-repos/https%3A%2F%2Fgithub.com%2Fsondrele%2Frust-raytracer'...
[INFO] running `Command { std: "git" "rev-parse" "HEAD", kill_on_drop: false }`
[INFO] [stdout] a147da0aa078f685695967c6e0c32624e4a66541
[INFO] checking sondrele/rust-raytracer against try#72f88fc4e9458f89516a0b8b0868f3718aec5b47 for pr-74989
[INFO] running `Command { std: "git" "clone" "/workspace/cache/git-repos/https%3A%2F%2Fgithub.com%2Fsondrele%2Frust-raytracer" "/workspace/builds/worker-0/source", kill_on_drop: false }`
[INFO] [stderr] Cloning into '/workspace/builds/worker-0/source'...
[INFO] [stderr] done.
[INFO] validating manifest of git repo https://github.com/sondrele/rust-raytracer on toolchain 72f88fc4e9458f89516a0b8b0868f3718aec5b47
[INFO] running `Command { std: "/workspace/cargo-home/bin/cargo" "+72f88fc4e9458f89516a0b8b0868f3718aec5b47" "read-manifest" "--manifest-path" "Cargo.toml", kill_on_drop: false }`
[INFO] started tweaking git repo https://github.com/sondrele/rust-raytracer
[INFO] finished tweaking git repo https://github.com/sondrele/rust-raytracer
[INFO] tweaked toml for git repo https://github.com/sondrele/rust-raytracer written to /workspace/builds/worker-0/source/Cargo.toml
[INFO] crate git repo https://github.com/sondrele/rust-raytracer already has a lockfile, it will not be regenerated
[INFO] running `Command { std: "/workspace/cargo-home/bin/cargo" "+72f88fc4e9458f89516a0b8b0868f3718aec5b47" "fetch" "--locked" "--manifest-path" "Cargo.toml", kill_on_drop: false }`
[INFO] [stderr] error: the lock file /workspace/builds/worker-0/source/Cargo.lock needs to be updated but --locked was passed to prevent this
[INFO] [stderr] If you want to try to generate the lock file without accessing the network, use the --offline flag.
[INFO] the lockfile is outdated, regenerating it
[INFO] running `Command { std: "/workspace/cargo-home/bin/cargo" "+72f88fc4e9458f89516a0b8b0868f3718aec5b47" "generate-lockfile" "--manifest-path" "Cargo.toml" "-Zno-index-update", kill_on_drop: false }`
[INFO] running `Command { std: "/workspace/cargo-home/bin/cargo" "+72f88fc4e9458f89516a0b8b0868f3718aec5b47" "fetch" "--locked" "--manifest-path" "Cargo.toml", kill_on_drop: false }`
[INFO] [stderr]  Downloading crates ...
[INFO] [stderr]   Downloaded bmp v0.5.0
[INFO] running `Command { std: "docker" "create" "-v" "/var/lib/crater-agent-workspace/builds/worker-0/target:/opt/rustwide/target:rw,Z" "-v" "/var/lib/crater-agent-workspace/builds/worker-0/source:/opt/rustwide/workdir:ro,Z" "-v" "/var/lib/crater-agent-workspace/cargo-home:/opt/rustwide/cargo-home:ro,Z" "-v" "/var/lib/crater-agent-workspace/rustup-home:/opt/rustwide/rustup-home:ro,Z" "-e" "SOURCE_DIR=/opt/rustwide/workdir" "-e" "CARGO_TARGET_DIR=/opt/rustwide/target" "-e" "CARGO_HOME=/opt/rustwide/cargo-home" "-e" "RUSTUP_HOME=/opt/rustwide/rustup-home" "-w" "/opt/rustwide/workdir" "-m" "1610612736" "--user" "0:0" "--network" "none" "rustops/crates-build-env@sha256:d92eaeed33fa75130ca1ee6c8a01d1ffb62bac859dfdfb3450e3e5d1c0146529" "/opt/rustwide/cargo-home/bin/cargo" "+72f88fc4e9458f89516a0b8b0868f3718aec5b47" "metadata" "--no-deps" "--format-version=1", kill_on_drop: false }`
[INFO] [stdout] b0388a33db3ba05f43fed9bb1fce0862cb5ec484fe8766c34d6ee0e85e93303f
[INFO] [stderr] WARNING: Your kernel does not support swap limit capabilities or the cgroup is not mounted. Memory limited without swap.
[INFO] running `Command { std: "docker" "start" "-a" "b0388a33db3ba05f43fed9bb1fce0862cb5ec484fe8766c34d6ee0e85e93303f", kill_on_drop: false }`
[INFO] running `Command { std: "docker" "inspect" "b0388a33db3ba05f43fed9bb1fce0862cb5ec484fe8766c34d6ee0e85e93303f", kill_on_drop: false }`
[INFO] running `Command { std: "docker" "rm" "-f" "b0388a33db3ba05f43fed9bb1fce0862cb5ec484fe8766c34d6ee0e85e93303f", kill_on_drop: false }`
[INFO] [stdout] b0388a33db3ba05f43fed9bb1fce0862cb5ec484fe8766c34d6ee0e85e93303f
[INFO] running `Command { std: "docker" "create" "-v" "/var/lib/crater-agent-workspace/builds/worker-0/target:/opt/rustwide/target:rw,Z" "-v" "/var/lib/crater-agent-workspace/builds/worker-0/source:/opt/rustwide/workdir:ro,Z" "-v" "/var/lib/crater-agent-workspace/cargo-home:/opt/rustwide/cargo-home:ro,Z" "-v" "/var/lib/crater-agent-workspace/rustup-home:/opt/rustwide/rustup-home:ro,Z" "-e" "SOURCE_DIR=/opt/rustwide/workdir" "-e" "CARGO_TARGET_DIR=/opt/rustwide/target" "-e" "CARGO_INCREMENTAL=0" "-e" "RUST_BACKTRACE=full" "-e" "RUSTFLAGS=--cap-lints=forbid" "-e" "CARGO_HOME=/opt/rustwide/cargo-home" "-e" "RUSTUP_HOME=/opt/rustwide/rustup-home" "-w" "/opt/rustwide/workdir" "-m" "1610612736" "--user" "0:0" "--network" "none" "rustops/crates-build-env@sha256:d92eaeed33fa75130ca1ee6c8a01d1ffb62bac859dfdfb3450e3e5d1c0146529" "/opt/rustwide/cargo-home/bin/cargo" "+72f88fc4e9458f89516a0b8b0868f3718aec5b47" "check" "--frozen" "--all" "--all-targets" "--message-format=json", kill_on_drop: false }`
[INFO] [stdout] 5a97df9aeb1c805687ea39092b3cde8c90c52a149203dd75d5ea0c284a108326
[INFO] [stderr] WARNING: Your kernel does not support swap limit capabilities or the cgroup is not mounted. Memory limited without swap.
[INFO] running `Command { std: "docker" "start" "-a" "5a97df9aeb1c805687ea39092b3cde8c90c52a149203dd75d5ea0c284a108326", kill_on_drop: false }`
[INFO] [stderr]    Compiling libc v0.2.77
[INFO] [stderr]    Compiling getrandom v0.1.15
[INFO] [stderr]     Checking cfg-if v0.1.10
[INFO] [stderr]    Compiling byteorder v1.3.4
[INFO] [stderr]     Checking ppv-lite86 v0.2.9
[INFO] [stderr]     Checking unicode-width v0.1.8
[INFO] [stderr]     Checking getopts v0.2.21
[INFO] [stderr]     Checking bmp v0.5.0
[INFO] [stderr]     Checking rand_core v0.5.1
[INFO] [stderr]     Checking rand_chacha v0.2.2
[INFO] [stderr]     Checking rand v0.7.3
[INFO] [stderr]     Checking rstracer v0.0.2 (/opt/rustwide/workdir)
[INFO] [stdout] error[E0432]: unresolved import `std::num::Float`
[INFO] [stdout]  --> src/lib.rs:7:5
[INFO] [stdout]   |
[INFO] [stdout] 7 | use std::num::Float;
[INFO] [stdout]   |     ^^^^^^^^^^^^^^^ no `Float` in `num`
[INFO] [stdout] 
[INFO] [stdout] 
[INFO] [stdout] error[E0432]: unresolved import `std::num::Float`
[INFO] [stdout]  --> src/vec.rs:2:5
[INFO] [stdout]   |
[INFO] [stdout] 2 | use std::num::Float;
[INFO] [stdout]   |     ^^^^^^^^^^^^^^^ no `Float` in `num`
[INFO] [stdout] 
[INFO] [stdout] 
[INFO] [stdout] error[E0432]: unresolved import `rand::Open01`
[INFO] [stdout]  --> src/scene/mod.rs:1:20
[INFO] [stdout]   |
[INFO] [stdout] 1 | use rand::{random, Open01};
[INFO] [stdout]   |                    ^^^^^^ no `Open01` in the root
[INFO] [stdout] 
[INFO] [stdout] 
[INFO] [stdout] error[E0432]: unresolved import `std::num::Float`
[INFO] [stdout]  --> src/scene/mod.rs:2:5
[INFO] [stdout]   |
[INFO] [stdout] 2 | use std::num::Float;
[INFO] [stdout]   |     ^^^^^^^^^^^^^^^ no `Float` in `num`
[INFO] [stdout] 
[INFO] [stdout] 
[INFO] [stdout] error[E0432]: unresolved import `std::num::Float`
[INFO] [stdout]  --> src/scene/material.rs:1:5
[INFO] [stdout]   |
[INFO] [stdout] 1 | use std::num::Float;
[INFO] [stdout]   |     ^^^^^^^^^^^^^^^ no `Float` in `num`
[INFO] [stdout] 
[INFO] [stdout] 
[INFO] [stdout] error[E0432]: unresolved import `std::num::Float`
[INFO] [stdout]  --> src/scene/shapes/mod.rs:3:5
[INFO] [stdout]   |
[INFO] [stdout] 3 | use std::num::Float;
[INFO] [stdout]   |     ^^^^^^^^^^^^^^^ no `Float` in `num`
[INFO] [stdout] 
[INFO] [stdout] 
[INFO] [stdout] error[E0432]: unresolved import `std::num::Float`
[INFO] [stdout]  --> src/scene/shapes/sphere.rs:1:5
[INFO] [stdout]   |
[INFO] [stdout] 1 | use std::num::Float;
[INFO] [stdout]   |     ^^^^^^^^^^^^^^^ no `Float` in `num`
[INFO] [stdout] 
[INFO] [stdout] 
[INFO] [stdout] error[E0432]: unresolved import `std::num::Float`
[INFO] [stdout]  --> src/scene/shapes/poly.rs:2:5
[INFO] [stdout]   |
[INFO] [stdout] 2 | use std::num::Float;
[INFO] [stdout]   |     ^^^^^^^^^^^^^^^ no `Float` in `num`
[INFO] [stdout] 
[INFO] [stdout] 
[INFO] [stdout] error[E0432]: unresolved import `std::num::Float`
[INFO] [stdout]  --> src/scene/intersection.rs:1:5
[INFO] [stdout]   |
[INFO] [stdout] 1 | use std::num::Float;
[INFO] [stdout]   |     ^^^^^^^^^^^^^^^ no `Float` in `num`
[INFO] [stdout] 
[INFO] [stdout] 
[INFO] [stdout] warning: trait objects without an explicit `dyn` are deprecated
[INFO] [stdout]   --> src/lib.rs:35:23
[INFO] [stdout]    |
[INFO] [stdout] 35 |     scene: Option<Box<IntersectableScene<'a> + 'a>>
[INFO] [stdout]    |                       ^^^^^^^^^^^^^^^^^^^^^^^^^^^ help: use `dyn`: `dyn IntersectableScene<'a> + 'a`
[INFO] [stdout]    |
[INFO] [stdout]    = note: `#[warn(bare_trait_objects)]` on by default
[INFO] [stdout] 
[INFO] [stdout] 
[INFO] [stdout] warning: trait objects without an explicit `dyn` are deprecated
[INFO] [stdout]   --> src/lib.rs:64:44
[INFO] [stdout]    |
[INFO] [stdout] 64 |     pub fn set_scene(&mut self, scene: Box<IntersectableScene<'a> + 'a>) {
[INFO] [stdout]    |                                            ^^^^^^^^^^^^^^^^^^^^^^^^^^^ help: use `dyn`: `dyn IntersectableScene<'a> + 'a`
[INFO] [stdout] 
[INFO] [stdout] 
[INFO] [stdout] warning: trait objects without an explicit `dyn` are deprecated
[INFO] [stdout]    --> src/lib.rs:105:41
[INFO] [stdout]     |
[INFO] [stdout] 105 |     fn shadow_scalar<'b>(scene: &'a Box<IntersectableScene<'a> + 'a>, light: &Light,
[INFO] [stdout]     |                                         ^^^^^^^^^^^^^^^^^^^^^^^^^^^ help: use `dyn`: `dyn IntersectableScene<'a> + 'a`
[INFO] [stdout] 
[INFO] [stdout] 
[INFO] [stdout] warning: trait objects without an explicit `dyn` are deprecated
[INFO] [stdout]    --> src/lib.rs:201:46
[INFO] [stdout]     |
[INFO] [stdout] 201 |     fn shade_intersection<'b>(scene: &'a Box<IntersectableScene<'a> + 'a>,
[INFO] [stdout]     |                                              ^^^^^^^^^^^^^^^^^^^^^^^^^^^ help: use `dyn`: `dyn IntersectableScene<'a> + 'a`
[INFO] [stdout] 
[INFO] [stdout] 
[INFO] [stdout] error[E0432]: unresolved import `std::num::Float`
[INFO] [stdout]  --> src/lib.rs:7:5
[INFO] [stdout]   |
[INFO] [stdout] 7 | use std::num::Float;
[INFO] [stdout]   |     ^^^^^^^^^^^^^^^ no `Float` in `num`
[INFO] [stdout] 
[INFO] [stdout] 
[INFO] [stdout] error[E0432]: unresolved import `std::num::Float`
[INFO] [stdout]  --> src/vec.rs:2:5
[INFO] [stdout]   |
[INFO] [stdout] 2 | use std::num::Float;
[INFO] [stdout]   |     ^^^^^^^^^^^^^^^ no `Float` in `num`
[INFO] [stdout] 
[INFO] [stdout] 
[INFO] [stdout] error[E0432]: unresolved import `rand::Open01`
[INFO] [stdout]  --> src/scene/mod.rs:1:20
[INFO] [stdout]   |
[INFO] [stdout] 1 | use rand::{random, Open01};
[INFO] [stdout]   |                    ^^^^^^ no `Open01` in the root
[INFO] [stdout] 
[INFO] [stdout] 
[INFO] [stdout] error[E0432]: unresolved import `std::num::Float`
[INFO] [stdout]  --> src/scene/mod.rs:2:5
[INFO] [stdout]   |
[INFO] [stdout] 2 | use std::num::Float;
[INFO] [stdout]   |     ^^^^^^^^^^^^^^^ no `Float` in `num`
[INFO] [stdout] 
[INFO] [stdout] 
[INFO] [stdout] error[E0432]: unresolved import `std::num::Float`
[INFO] [stdout]  --> src/scene/material.rs:1:5
[INFO] [stdout]   |
[INFO] [stdout] 1 | use std::num::Float;
[INFO] [stdout]   |     ^^^^^^^^^^^^^^^ no `Float` in `num`
[INFO] [stdout] 
[INFO] [stdout] 
[INFO] [stdout] error[E0432]: unresolved import `std::num::Float`
[INFO] [stdout]  --> src/scene/shapes/mod.rs:3:5
[INFO] [stdout]   |
[INFO] [stdout] 3 | use std::num::Float;
[INFO] [stdout]   |     ^^^^^^^^^^^^^^^ no `Float` in `num`
[INFO] [stdout] 
[INFO] [stdout] 
[INFO] [stdout] error[E0432]: unresolved import `std::num::Float`
[INFO] [stdout]  --> src/scene/shapes/sphere.rs:1:5
[INFO] [stdout]   |
[INFO] [stdout] 1 | use std::num::Float;
[INFO] [stdout]   |     ^^^^^^^^^^^^^^^ no `Float` in `num`
[INFO] [stdout] 
[INFO] [stdout] 
[INFO] [stdout] error[E0432]: unresolved import `std::num::Float`
[INFO] [stdout]  --> src/scene/shapes/poly.rs:2:5
[INFO] [stdout]   |
[INFO] [stdout] 2 | use std::num::Float;
[INFO] [stdout]   |     ^^^^^^^^^^^^^^^ no `Float` in `num`
[INFO] [stdout] 
[INFO] [stdout] 
[INFO] [stdout] error[E0432]: unresolved import `std::num::Float`
[INFO] [stdout]    --> src/scene/shapes/poly.rs:208:9
[INFO] [stdout]     |
[INFO] [stdout] 208 |     use std::num::Float;
[INFO] [stdout]     |         ^^^^^^^^^^^^^^^ no `Float` in `num`
[INFO] [stdout] 
[INFO] [stdout] 
[INFO] [stdout] error[E0432]: unresolved import `std::num::Float`
[INFO] [stdout]  --> src/scene/intersection.rs:1:5
[INFO] [stdout]   |
[INFO] [stdout] 1 | use std::num::Float;
[INFO] [stdout]   |     ^^^^^^^^^^^^^^^ no `Float` in `num`
[INFO] [stdout] 
[INFO] [stdout] 
[INFO] [stdout] error[E0432]: unresolved import `std::num::Float`
[INFO] [stdout]    --> src/lib.rs:283:9
[INFO] [stdout]     |
[INFO] [stdout] 283 |     use std::num::Float;
[INFO] [stdout]     |         ^^^^^^^^^^^^^^^ no `Float` in `num`
[INFO] [stdout] 
[INFO] [stdout] 
[INFO] [stdout] warning: trait objects without an explicit `dyn` are deprecated
[INFO] [stdout]   --> src/lib.rs:35:23
[INFO] [stdout]    |
[INFO] [stdout] 35 |     scene: Option<Box<IntersectableScene<'a> + 'a>>
[INFO] [stdout]    |                       ^^^^^^^^^^^^^^^^^^^^^^^^^^^ help: use `dyn`: `dyn IntersectableScene<'a> + 'a`
[INFO] [stdout]    |
[INFO] [stdout]    = note: `#[warn(bare_trait_objects)]` on by default
[INFO] [stdout] 
[INFO] [stdout] 
[INFO] [stdout] warning: trait objects without an explicit `dyn` are deprecated
[INFO] [stdout]   --> src/lib.rs:64:44
[INFO] [stdout]    |
[INFO] [stdout] 64 |     pub fn set_scene(&mut self, scene: Box<IntersectableScene<'a> + 'a>) {
[INFO] [stdout]    |                                            ^^^^^^^^^^^^^^^^^^^^^^^^^^^ help: use `dyn`: `dyn IntersectableScene<'a> + 'a`
[INFO] [stdout] 
[INFO] [stdout] 
[INFO] [stdout] warning: trait objects without an explicit `dyn` are deprecated
[INFO] [stdout]    --> src/lib.rs:105:41
[INFO] [stdout]     |
[INFO] [stdout] 105 |     fn shadow_scalar<'b>(scene: &'a Box<IntersectableScene<'a> + 'a>, light: &Light,
[INFO] [stdout]     |                                         ^^^^^^^^^^^^^^^^^^^^^^^^^^^ help: use `dyn`: `dyn IntersectableScene<'a> + 'a`
[INFO] [stdout] 
[INFO] [stdout] 
[INFO] [stdout] warning: trait objects without an explicit `dyn` are deprecated
[INFO] [stdout]    --> src/lib.rs:201:46
[INFO] [stdout]     |
[INFO] [stdout] 201 |     fn shade_intersection<'b>(scene: &'a Box<IntersectableScene<'a> + 'a>,
[INFO] [stdout]     |                                              ^^^^^^^^^^^^^^^^^^^^^^^^^^^ help: use `dyn`: `dyn IntersectableScene<'a> + 'a`
[INFO] [stdout] 
[INFO] [stdout] 
[INFO] [stdout] error[E0277]: the trait bound `Vertex: Clone` is not satisfied
[INFO] [stdout]    --> src/scene/shapes/poly.rs:9:10
[INFO] [stdout]     |
[INFO] [stdout] 9   | #[derive(Copy, PartialEq, Debug)]
[INFO] [stdout]     |          ^^^^ the trait `Clone` is not implemented for `Vertex`
[INFO] [stdout]     |
[INFO] [stdout]     = note: this error originates in a derive macro (in Nightly builds, run with -Z macro-backtrace for more info)
[INFO] [stdout] 
[INFO] [stdout] 
[INFO] [stdout] error[E0277]: the trait bound `BoundingBox: Clone` is not satisfied
[INFO] [stdout]    --> src/scene/shapes/mod.rs:19:10
[INFO] [stdout]     |
[INFO] [stdout] 19  | #[derive(Copy, PartialEq, Debug)]
[INFO] [stdout]     |          ^^^^ the trait `Clone` is not implemented for `BoundingBox`
[INFO] [stdout]     |
[INFO] [stdout]     = note: this error originates in a derive macro (in Nightly builds, run with -Z macro-backtrace for more info)
[INFO] [stdout] 
[INFO] [stdout] 
[INFO] [stdout] error[E0277]: the trait bound `Camera: Clone` is not satisfied
[INFO] [stdout]    --> src/scene/mod.rs:122:10
[INFO] [stdout]     |
[INFO] [stdout] 122 | #[derive(Copy)]
[INFO] [stdout]     |          ^^^^ the trait `Clone` is not implemented for `Camera`
[INFO] [stdout]     |
[INFO] [stdout]     = note: this error originates in a derive macro (in Nightly builds, run with -Z macro-backtrace for more info)
[INFO] [stdout] 
[INFO] [stdout] 
[INFO] [stdout] error: aborting due to 12 previous errors; 4 warnings emitted
[INFO] [stdout] 
[INFO] [stdout] 
[INFO] [stdout] Some errors have detailed explanations: E0277, E0432.
[INFO] [stdout] 
[INFO] [stdout] For more information about an error, try `rustc --explain E0277`.
[INFO] [stdout] 
[INFO] [stderr] error: could not compile `rstracer`.
[INFO] [stderr] 
[INFO] [stderr] To learn more, run the command again with --verbose.
[INFO] [stderr] warning: build failed, waiting for other jobs to finish...
[INFO] [stdout] error[E0277]: the trait bound `Vertex: Clone` is not satisfied
[INFO] [stdout]    --> src/scene/shapes/poly.rs:9:10
[INFO] [stdout]     |
[INFO] [stdout] 9   | #[derive(Copy, PartialEq, Debug)]
[INFO] [stdout]     |          ^^^^ the trait `Clone` is not implemented for `Vertex`
[INFO] [stdout]     |
[INFO] [stdout]     = note: this error originates in a derive macro (in Nightly builds, run with -Z macro-backtrace for more info)
[INFO] [stdout] 
[INFO] [stdout] 
[INFO] [stdout] error[E0277]: the trait bound `BoundingBox: Clone` is not satisfied
[INFO] [stdout]    --> src/scene/shapes/mod.rs:19:10
[INFO] [stdout]     |
[INFO] [stdout] 19  | #[derive(Copy, PartialEq, Debug)]
[INFO] [stdout]     |          ^^^^ the trait `Clone` is not implemented for `BoundingBox`
[INFO] [stdout]     |
[INFO] [stdout]     = note: this error originates in a derive macro (in Nightly builds, run with -Z macro-backtrace for more info)
[INFO] [stdout] 
[INFO] [stdout] 
[INFO] [stdout] error[E0277]: the trait bound `Camera: Clone` is not satisfied
[INFO] [stdout]    --> src/scene/mod.rs:122:10
[INFO] [stdout]     |
[INFO] [stdout] 122 | #[derive(Copy)]
[INFO] [stdout]     |          ^^^^ the trait `Clone` is not implemented for `Camera`
[INFO] [stdout]     |
[INFO] [stdout]     = note: this error originates in a derive macro (in Nightly builds, run with -Z macro-backtrace for more info)
[INFO] [stdout] 
[INFO] [stdout] 
[INFO] [stdout] error: aborting due to 14 previous errors; 4 warnings emitted
[INFO] [stdout] 
[INFO] [stdout] 
[INFO] [stdout] Some errors have detailed explanations: E0277, E0432.
[INFO] [stdout] 
[INFO] [stdout] For more information about an error, try `rustc --explain E0277`.
[INFO] [stdout] 
[INFO] [stderr] error: build failed
[INFO] running `Command { std: "docker" "inspect" "5a97df9aeb1c805687ea39092b3cde8c90c52a149203dd75d5ea0c284a108326", kill_on_drop: false }`
[INFO] running `Command { std: "docker" "rm" "-f" "5a97df9aeb1c805687ea39092b3cde8c90c52a149203dd75d5ea0c284a108326", kill_on_drop: false }`
[INFO] [stdout] 5a97df9aeb1c805687ea39092b3cde8c90c52a149203dd75d5ea0c284a108326
